t common divisor of 115 and 5060.
115
Calculate the highest common divisor of 117 and 637.
13
What is the highest common divisor of 85 and 10?
5
Calculate the highest common factor of 2358 and 12.
6
What is the greatest common divisor of 12 and 417?
3
What is the highest common factor of 63 and 2331?
63
What is the greatest common factor of 3025 and 5?
5
Calculate the greatest common factor of 28308 and 60.
12
What is the highest common factor of 1200 and 105?
15
Calculate the highest common divisor of 264 and 858.
66
What is the highest common divisor of 2750 and 55?
55
What is the greatest common divisor of 23 and 1081?
23
Calculate the greatest common divisor of 644 and 28.
28
Calculate the highest common divisor of 18 and 24.
6
Calculate the greatest common factor of 122 and 2806.
122
What is the highest common factor of 22 and 11748?
22
Calculate the highest common divisor of 80 and 180.
20
Calculate the greatest common divisor of 161 and 3500.
7
Calculate the highest common divisor of 540 and 9.
9
What is the highest common factor of 42 and 462?
42
What is the greatest common factor of 68 and 119?
17
Calculate the highest common factor of 60 and 84.
12
What is the greatest common factor of 145 and 899?
29
What is the highest common divisor of 19 and 551?
19
Calculate the greatest common divisor of 1782 and 88.
22
Calculate the highest common factor of 1835 and 20.
5
What is the highest common divisor of 403 and 124?
31
What is the highest common divisor of 33 and 5?
1
What is the highest common factor of 903 and 105?
21
Calculate the greatest common factor of 38 and 722.
38
Calculate the greatest common divisor of 7032 and 24.
24
Calculate the greatest common divisor of 19350 and 10.
10
What is the highest common factor of 240 and 330?
30
Calculate the greatest common factor of 16 and 5740.
4
Calculate the greatest common factor of 448 and 7.
7
What is the greatest common factor of 21 and 20937?
21
Calculate the greatest common divisor of 16 and 128.
16
Calculate the highest common factor of 445 and 10.
5
What is the greatest common divisor of 4 and 15?
1
Calculate the highest common factor of 160 and 280.
40
Calculate the highest common factor of 1170 and 12.
6
What is the highest common factor of 902 and 123?
41
Calculate the highest common factor of 2223 and 819.
117
Calculate the greatest common factor of 12 and 33.
3
Calculate the highest common divisor of 17498 and 52.
26
Calculate the highest common factor of 135 and 15.
15
What is the highest common factor of 2238 and 6?
6
What is the highest common factor of 992 and 155?
31
What is the highest common divisor of 396 and 60?
12
Calculate the greatest common factor of 32700 and 300.
300
Calculate the highest common divisor of 36 and 27.
9
What is the highest common factor of 39 and 13?
13
What is the highest common factor of 195 and 2613?
39
Calculate the highest common divisor of 608 and 800.
32
Calculate the greatest common factor of 50 and 275.
25
What is the highest common divisor of 6010 and 30?
10
Calculate the highest common factor of 567 and 63.
63
Calculate the greatest common factor of 1659 and 21.
21
Calculate the greatest common divisor of 418 and 6.
2
Calculate the highest common divisor of 16 and 1.
1
Calculate the greatest common factor of 19 and 57.
19
What is the greatest common divisor of 1005 and 105?
15
What is the greatest common divisor of 644 and 46?
46
What is the greatest common factor of 2573 and 31?
31
Calculate the greatest common factor of 25 and 3200.
25
What is the greatest common factor of 26 and 949?
13
Calculate the greatest common divisor of 1908 and 1060.
212
What is the highest common divisor of 1375 and 11?
11
What is the greatest common divisor of 685 and 822?
137
Calculate the highest common factor of 46478 and 68.
34
What is the highest common factor of 105 and 1925?
35
What is the highest common factor of 351 and 216?
27
Calculate the greatest common divisor of 1902 and 6.
6
Calculate the greatest common factor of 772 and 4.
4
Calculate the highest common divisor of 1386 and 966.
42
Calculate the greatest common divisor of 473 and 33.
11
Calculate the highest common divisor of 22404 and 12.
12
What is the greatest common factor of 27 and 1350?
27
Calculate the greatest common factor of 13300 and 50.
50
What is the greatest common factor of 1540 and 360?
20
Calculate the highest common divisor of 11 and 99.
11
What is the highest common factor of 126 and 108?
18
Calculate the highest common divisor of 1197 and 114.
57
What is the highest common divisor of 9070 and 20?
10
Calculate the highest common divisor of 32 and 10.
2
Calculate the greatest common divisor of 468 and 260.
52
Calculate the highest common factor of 1470 and 60.
30
What is the greatest common factor of 216 and 12?
12
Calculate the highest common divisor of 429 and 169.
13
What is the greatest common divisor of 396 and 90?
18
What is the highest common divisor of 720 and 10?
10
Calculate the highest common divisor of 44 and 11.
11
What is the greatest common factor of 319 and 77?
11
What is the highest common divisor of 638 and 1342?
22
What is the highest common factor of 800 and 224?
32
Calculate the highest common factor of 17 and 7.
1
Calculate the greatest common factor of 22 and 26.
2
What is the highest common divisor of 2530 and 20?
10
What is the greatest common divisor of 57 and 6?
3
What is the greatest common divisor of 17 and 459?
17
Calculate the greatest common divisor of 87 and 3.
3
What is the highest common factor of 324 and 1026?
54
Calculate the highest common divisor of 32 and 36.
4
What is the greatest common factor of 1 and 173?
1
What is the greatest common divisor of 286 and 13?
13
What is the greatest common factor of 84 and 70?
14
What is the greatest common factor of 16180 and 20?
20
What is the highest common factor of 8 and 524?
4
What is the greatest common factor of 210 and 930?
30
What is the highest common factor of 21 and 21?
21
What is the highest common divisor of 224 and 64?
32
Calculate the greatest common factor of 41331 and 69.
69
What is the greatest common factor of 1335 and 89?
89
What is the greatest common divisor of 710 and 5254?
142
What is the highest common factor of 1281 and 9150?
183
Calculate the highest common factor of 25 and 625.
25
What is the greatest common divisor of 280 and 63?
7
Calculate the highest common divisor of 50 and 970.
10
What is the greatest common divisor of 255 and 75?
15
What is the greatest common factor of 55 and 85?
5
What is the greatest common factor of 33 and 1191?
3
Calculate the highest common factor of 156 and 948.
12
Calculate the highest common factor of 210 and 84.
42
What is the greatest common divisor of 108 and 2316?
12
Calculate the greatest common factor of 957 and 58.
29
Calculate the greatest common factor of 11352 and 33.
33
What is the greatest common divisor of 372 and 12?
12
What is the greatest common divisor of 30 and 41610?
30
Calculate the greatest common divisor of 8 and 1864.
8
What is the highest common factor of 23 and 3128?
23
What is the greatest common divisor of 48 and 84?
12
What is the highest common factor of 1603 and 14?
7
Calculate the greatest common factor of 43 and 2881.
43
What is the greatest common factor of 8 and 152?
8
Calculate the greatest common factor of 594 and 44.
22
What is the greatest common divisor of 984 and 369?
123
Calculate the greatest common factor of 2869 and 755.
151
Calculate the highest common divisor of 49 and 2.
1
What is the greatest common factor of 4324 and 92?
92
What is the greatest common factor of 36 and 15858?
18
What is the greatest common divisor of 30 and 165?
15
Calculate the greatest common factor of 7852 and 104.
52
Calculate the greatest common divisor of 676 and 156.
52
Calculate the highest common divisor of 14 and 22.
2
Calculate the greatest common factor of 43 and 48848.
43
What is the highest common divisor of 259 and 370?
37
What is the greatest common divisor of 1050 and 25?
25
What is the greatest common factor of 2788 and 68?
68
Calculate the highest common divisor of 28 and 238.
14
What is the highest common divisor of 19 and 228?
19
What is the highest common factor of 8 and 28?
4
Calculate the high